 Let i = 281 + v. Suppose -z + i = o, -o - 2*o + 413 = 4*z. Is o a prime number?
False
Let s = 2290 - 1400. Let g = 2251 - s. Is g a prime number?
True
Let j be 1/(-2) + 62/4. Let v = j + -13. Is 233/1 - (v + -4) composite?
True
Suppose 0 = -2*m + 15 - 47. Let j(a) = -a**3 - 13*a**2 + 17*a + 3. Is j(m) a composite number?
False
Is (3/((-6)/19678))/(11/(-22)) a composite number?
True
Suppose 0 = -4*j - 5*p + 29957, -2*j + 13239 = -p - 1750. Is j a prime number?
False
Is 4*6/(-8) + 2 + 20018 a prime number?
False
Suppose -5 = 6*v - 5. Suppose v = -4*p + 3*a + 6568, 3*a = p - 78 - 1573. Is p a composite number?
True
Suppose 2*h = 6, -4*z - 4*h = -h - 17. Let t = z - 5. Is ((-5712)/t)/2 - -3 a prime number?
False
Let q(v) = -225*v - 154. Is q(-13) a composite number?
True
Let c be (10*1)/(8/(-304)). Let q be c/(-3) + (-5)/(-15). Let m = q + -36. Is m prime?
False
Let i = -22510 - -50975. Is i a composite number?
True
Let o(r) = -2*r**3 - 11*r**2 + 6*r - 6. Let l be o(-8). Suppose -j - 95 = -5*y + l, 5*j - 20 = 0. Suppose 0 = -5*t - 10, -5*t = 5*z - 4*z - y. Is z composite?
False
Suppose -51 = -5*u + 2*u. Suppose -14*h = -u*h + 5493. Is h composite?
False
Let i(o) = o + 1. Let z be i(5). Suppose -z*l = -14769 - 11193. Is l composite?
False
Let z = 2185 - 716. Is z prime?
False
Let u(d) = 2*d**3 + 2*d**2 + 1. Let a be u(-2). Let k(m) = 14*m**2 + 9*m + 8. Is k(a) a composite number?
False
Suppose 0 = -26*g + 8*g + 334782. Is g a composite number?
True
Let v(c) = 3*c**2 - 6*c - 52. Is v(33) a prime number?
False
Let a(i) = i**2 + 2*i - 3. Let g be a(-3). Let b be 0/(-4) + 8 + -4. Suppose -3*s - 3*z + 276 = g, -b*z - 67 = -0*s - s. Is s composite?
True
Let y be (-12)/16 + (-140)/(-16). Let s = y - 4. Suppose -l - 5*u + 163 = 0, s*l + 2*u + 3*u - 592 = 0. Is l prime?
False
Suppose 16*l = 650087 - 163639. Is l a prime number?
True
Let p = -6560 + 14297. Is p composite?
True
Let q(f) = -1563*f**3 + 2*f**2 - 10. Is q(-3) a prime number?
True
Suppose -2*b - 4*s + 50450 = 0, 12*b - 13*b + 25222 = s. Is b composite?
False
Suppose -1662 = -4*u + 5294. Let l = -897 + u. Suppose -2*a = i - 5*i + l, 3*a = 3. Is i a composite number?
False
Let q(g) = 170*g - 175*g - 1 + 0*g**2 + 2*g**2 + 3. Let l = 31 + -22. Is q(l) prime?
False
Suppose -5*l + 5 = 2*i, -4*i - 5*l + 3 + 2 = 0. Let j be i/(3 - (-10)/(-5)). Suppose j = 4*b + 375 - 1579. Is b a prime number?
False
Let c(r) be the first derivative of r**3 + 9*r**2/2 - 17*r - 14. Is c(9) a composite number?
False
Suppose 0 = -36*f - 9*f + 9597645. Is f composite?
False
Let c = 106 - 103. Suppose 6998 - 1919 = c*u. Is u composite?
False
Suppose -14*i - 4 = -15*i. Suppose 4*l - 5*l = i*h - 143, 3*h - 266 = -2*l. Is l a prime number?
True
Let d(h) = h**2 - 2*h + 1. Let x be d(4). Let c(f) = 18*f - 5. Is c(x) composite?
False
Is (12343/2)/(22/308) prime?
False
Suppose -2*z - 5 = 1, -2*h - 114 = -4*z. Let l be 14/h - 43/9. Let g(m) = -m**2 - 11*m + 3. Is g(l) a prime number?
False
Let r(d) = 25*d**2 + 15*d + 71. Is r(-15) composite?
False
Let w = 33 + -28. Suppose 2*d + 26 = h - 0*d, 2*h - 43 = -w*d. Is 1/(-6) + 5116/h prime?
False
Suppose 6630 = n - 6*o + o, 4*o = -2*n + 13274. Is n prime?
False
Is 61616/5 + 21/(-105) a composite number?
False
Suppose 8*i = 7*i - y + 11582, 3*i + 5*y = 34752. Is i a prime number?
True
Suppose -5*k = -3*k - 5*p + 42, -2*p - 105 = 5*k. Let o be (-14)/k*(-201)/(-2). Suppose o - 1 = 3*i. Is i a composite number?
True
Let h be -1*1/((4/467)/(-4)). Is h*(2/(-3 + 2) - -3) prime?
True
Let a = -618 + 3515. Is a a composite number?
False
Suppose 20*n - 102945 = 5*n. Is n a composite number?
False
Let d be 0*((-3 - -3) + -1). Suppose d = -3*q + 4*q - 3. Suppose -q*k = -k - 1022. Is k prime?
False
Is (-15351)/(-7) - (1 - 3)/1 a composite number?
True
Suppose -r = -3*f - 1116, 0 = -4*r - 4*f - 914 + 5458. Let g = r - 772. Is g a composite number?
False
Is 29803/15 + 10/75 - -6 a composite number?
False
Let z(g) be the third derivative of 0 - 13/6*g**3 + 0*g + 5/6*g**4 - 7*g**2. Is z(7) a prime number?
True
Suppose 0 = -q - 694 + 4661. Is q a prime number?
True
Suppose -2*w - 6 = -4*w. Suppose h = w*h - 18. Suppose -h*o + 95 = -4*o. Is o prime?
True
Is (78530/(-3))/(((-36)/27)/2) a composite number?
True
Let l(k) = -21*k + 17. Let o = -23 + 5. Is l(o) a composite number?
True
Is ((-2164)/8)/(5/(-30)) a composite number?
True
Let s(y) = 84 - 586*y + 5*y**2 - 10 + 563*y. Is s(24) a composite number?
True
Let f = -351 + 155. Let y = 663 - f. Is y a prime number?
True
Suppose 0 = c - 2*c + 2. Let l = -442 + 326. Let n = c - l. Is n composite?
True
Suppose -a = -4 + 13. Let q be (a/(-6))/((-6)/(-8)). Suppose -2*h - 452 = -5*h - 5*r, h + q*r = 151. Is h a composite number?
False
Let w be (8/(-20))/(6/(-30)). Is w/(-4) - (-14817)/22 composite?
False
Let s = 19 - 21. Is (0 + 2)/(s/(-146)) prime?
False
Let s = -1222 + 2061. Is s a composite number?
False
Let d = -114 + 371. Is d a composite number?
False
Let j(y) = y**3 - 14*y**2 - 16*y + 37. Let t be j(15). Is t/(-99) - 31666/(-18) a composite number?
False
Let f(z) = -103*z**2 + 0*z**3 + 95*z**2 + 2*z**3 - 7 + 7*z. Let l be 3 - 3 - (0 - 6). Is f(l) composite?
False
Suppose y - 5*m - 15 = 0, 14 = 3*y - y - 2*m. Suppose y*l - 68 = -3*d, 3*d - 3*l + 20 = 4*d. Let s = -17 + d. Is s a composite number?
True
Is (-1)/(67/(-469) - 1424/(-10066)) a prime number?
True
Suppose -4*q + 46532 + 9348 = 4*h, 4*q = h + 55865. Is q prime?
True
Let c = 12 - 2. Suppose 4*y = 6*y - c. Suppose 2*f + 3*z - 103 = 0, y*f - 241 = -4*z + 2*z. Is f a composite number?
False
Let r(i) = -9*i**2 - 2*i + 5. Let f(y) = -y**2. Let l(a) = -5*f(a) - r(a). Is l(-3) a prime number?
False
Suppose -34*i + 30758 + 70052 = 0. Is i prime?
False
Let r = -998 + 597. Let j = r - -570. Is j composite?
True
Let h(b) = -2*b**2 + 10*b + 2. Let i be h(5). Is 13558/10*(i + 3/1) a prime number?
True
Let v(s) = 9*s**2 - 5*s. Let r be v(4). Let d = r - 41. Is d a prime number?
True
Let g(y) = 17*y**3 + 2*y**2 + y. Let m be g(-1). Let w be (-5364)/m + (-3)/12. Suppose k = w + 176. Is k a prime number?
False
Suppose -3*a = -4*s + 32, 2*s - s = a + 9. Suppose -3*i = -s*i + 1018. Is i composite?
False
Let h(q) = 73*q - 9. Let x be h(5). Let v = -42 + x. Is v prime?
False
Suppose 17*j - 22*j = 1485. Let q = j + 416. Is q a composite number?
True
Is ((-1)/(10/(-22)))/((-32)/(-4640)) prime?
False
Let o = -1491 - -3737. Is o composite?
True
Is 4/(-5) - (-3923335)/325 a prime number?
True
Suppose -3*y + 2394 = c, 0 = 4*y + 2*c - 242 - 2950. Let h = -545 + y. Is h prime?
False
Is -7892*(99/36 - 3) a composite number?
False
Suppose -3*p - 3*y + 38018 = 2*y, -50672 = -4*p - 2*y. Suppose -2*j + 5*q + 2584 + 2496 = 0, 4*q = 5*j - p. Suppose -3*s + j + 137 = 0. Is s composite?
True
Suppose -g = 3*t - 45752, -4*t + 137231 = -2*g + 5*g. Is g a prime number?
True
Let o be 32/14 - (-10)/(-35). Suppose -5*p + o*p = -1125. Suppose 3*c - 72 - p = 0. Is c a prime number?
True
Let t = 4 + -1. Suppose p - 5 = c - 6*c, 0 = t*p + c + 13. Let y(g) = -3*g**3 - 6*g**2 + 3*g + 7. Is y(p) prime?
False
Let i(v) = 1110*v**2 - 2*v + 3. Let l be i(2). Let h = 6382 - l. Is h composite?
True
Let i = 221 - 405. Let d = i - -361. Is d a composite number?
True
Let m(o) = 1021*o - 242. Is m(41) composite?
True
Let n(o) = 3*o**2 + o + 1. Let j be n(1). Suppose j*t - 4*m - 1027 - 6764 = 0, -5*m + 7800 = 5*t. Is t a composite number?
False
Let f(k) = -3*k**3 - 2*k**2 - 3*k - 16. Let h(c) = -3*c**3 - 2*c**2 - 4*c - 17. Let x(b) = 6*f(b) - 5*h(b). Is x(-6) a composite number?
True
Let i(w) = -172*w - 6. Let q be i(-3). Suppose 0 = -4*z - z + q. Let c = z - 13. Is c prime?
True
Let s = 13310 - -5589. Is s a prime number?
True
Suppose -4*m - 4*u = -0*m - 89248, u + 22308 = m. Suppose -m = -14*v + 19676. Is v prime?
True
Let o = 6437 + 2632. Is o a prime number?
False
Let m = -15665 - -49356. Is m a prime number?
False
Suppose -18*o = -22*o + 16. Is (-1 - -214) + o + (-5 - -1) a prime number?
False
Let d be (2 - 3)/((-1)/(-7)). Let c be (4/6)/(d/(-21)). Suppose -3*j = -j, -3*p - c*j + 66 = 0. Is p composite?
True
Suppose 31813 = q - 5*i, 4*i + 4 = 3*i. Is q prime?
True
Let d(b) = -63*b + 1. Let o be (-2)/4*2 - -6. Let m be (-6)/4 + o/(-10). Is d(m) composite?